 Suppose -x*g - 196 = -2826. List the prime factors of g.
263
Let b(n) = 7796*n + 53. List the prime factors of b(1).
47, 167
Let c(o) = 91*o + 3. Let n be c(1). Suppose 8*b - 100 = 6*b + f, -n = -2*b - 2*f. What are the prime factors of b?
7
Let j = -4341 - -18129. List the prime factors of j.
2, 3, 383
List the prime factors of (0 - 103)*(98/(-441) - 554/18).
31, 103
Let d = -334 + 1427. What are the prime factors of d?
1093
Suppose 12 = 3*s, -3*s + 30 = 2*q - 158. Let g = 141 - q. What are the prime factors of g?
53
Let y(l) be the third derivative of -37*l**4/24 - 7*l**3/6 - 25*l**2. What are the prime factors of y(-3)?
2, 13
Let a = 615 - 61. Let l = a + -196. What are the prime factors of l?
2, 179
Let c(f) = 138*f + 351. Let v be c(-14). Let h = 3435 + v. List the prime factors of h.
2, 3, 103
Let c(g) = g**3 + 4*g**2 - g + 324. Suppose -13*v = -24*v. What are the prime factors of c(v)?
2, 3
Suppose 132926 = 47*b - 128723. What are the prime factors of b?
19, 293
Let b = 58 + -55. Let j(y) = -4*y**3 + 13 + 4*y**b - 6*y**3 - 4*y**2. What are the prime factors of j(-3)?
139
Let y be 100/(-8)*8 + -2. Let j = y - -107. Suppose -3*q - h = -734, j*q = 2*h + 972 + 233. List the prime factors of q.
3
Let q = 29233 - 19252. List the prime factors of q.
3, 1109
Suppose -4*q - n = 17060, 5*n - 16 = 4. Let o = q + 6146. What are the prime factors of o?
2, 5, 47
Suppose -51*n + 26184 = -47*n. What are the prime factors of n?
2, 3, 1091
Let a(c) = -191*c**3 - 34*c**2 - 13. Let m(z) = -95*z**3 - 19*z**2 - 7. Let l(y) = 6*a(y) - 11*m(y). What are the prime factors of l(-2)?
827
Let t = -502 - -951. Let d = 901 - t. What are the prime factors of d?
2, 113
What are the prime factors of (1/(-8))/(-1) - (-35634739)/1576?
3, 7537
What are the prime factors of ((-1872)/832)/(1/(-4776))?
2, 3, 199
List the prime factors of (11*2)/(-6 + 24925/4150).
2, 11, 83
Suppose 5*d = -d + 36. Suppose -v + 88 = 5*n, 5*v - d*v - 3*n = -96. What are the prime factors of v?
2, 3
Suppose 38983 = 14*z - 31045. What are the prime factors of z?
2, 41, 61
Let z(l) = -2*l**3 - 5*l**2 + l - 5. Suppose 5*o + 30 = 5*u, 4*u - 3*o = 5 + 16. Let a be (1 - 0)/(u/(-12)). What are the prime factors of z(a)?
3, 13
Let v(d) = d**2. Let s be v(-2). List the prime factors of ((-3)/(-12) + s)/(2/272).
2, 17
Suppose 389122 = 143*t + 63*t - 921038. List the prime factors of t.
2, 3, 5, 53
Let o = 30606 + -12682. List the prime factors of o.
2, 4481
List the prime factors of 33 + -42 + (-11126)/((-1)/1).
11117
What are the prime factors of ((-76)/(-6) + -6)/((-2)/(-9444))?
2, 5, 787
Let c = -667 + 213. Let n = -286 - c. What are the prime factors of n?
2, 3, 7
List the prime factors of ((-38)/8)/(((-25)/876)/25).
3, 19, 73
Let a(g) = -g - 5. Let b be a(-4). Let y be (24/(-14))/(b + 20/21). Suppose 4*z + 131 = 5*l, -46 = -3*l - z + y. List the prime factors of l.
3
Let d be (-219 + 6)/((-1)/28). Suppose -13*v + 146 = -d. List the prime factors of v.
2, 5, 47
Let c be (-126)/(-70) - 2/(-10). Let k be (-5)/(10/7)*c*-127. Suppose 0 = 4*p - 5*b - k, 3*p - 1145 = -2*p - 5*b. List the prime factors of p.
2, 113
Let b = -22050 + 40693. List the prime factors of b.
103, 181
Let z = 110028 + -60792. What are the prime factors of z?
2, 3, 11, 373
Suppose 2995788 = -32*u + 155*u. What are the prime factors of u?
2, 6089
Suppose 0 = 5*p - 3*v - 32, -2*p = 3*v - 1 + 5. Suppose y - 2*y = 0, 0 = -p*n + 5*y + 2256. What are the prime factors of n?
2, 3, 47
Let a(w) = w**3 - 12*w**2 - 12*w - 10. Let d be a(13). Suppose 0 = -9*x + d*x + 696. Suppose 0*v = v + 3*q - 53, 2*v + 4*q - x = 0. List the prime factors of v.
2, 17
What are the prime factors of (-453609)/(-43) + (-216)/4644?
7, 11, 137
Let g(q) = -842*q**3 - q**2 + 1. What are the prime factors of g(-1)?
2, 421
Let h be (-4)/14*(-24 + 10). Suppose 1690 = 5*d + 2*z - 5*z, -1655 = -5*d - h*z. List the prime factors of d.
5, 67
Let a(z) = z**3 - 20*z**2 + 9*z - 49. What are the prime factors of a(30)?
9221
Suppose -i = -3, -a - 19 = -5*a - 5*i. Suppose 5*c + 9 = -a, f - 51 = c. Let h = f + -44. What are the prime factors of h?
5
Let q(p) = 2*p + 39. Let w be q(-24). Let l = 82 - w. What are the prime factors of l?
7, 13
Suppose -5*a = -n + 756 + 2971, 0 = 4*a - 5*n + 2990. Let o = 20 - a. List the prime factors of o.
3, 5, 17
Let s = 33686 - 22826. List the prime factors of s.
2, 3, 5, 181
What are the prime factors of 15837 + (-12)/((-168)/70)?
2, 89
Let o(c) = -3*c**3 + 4*c + 5. Let w(k) be the second derivative of 3*k**5/20 - 2*k**3/3 - 3*k**2/2 - 8*k. Let l be w(-1). What are the prime factors of o(l)?
3, 7
Let l(g) = -58*g + 13003. What are the prime factors of l(0)?
13003
Let s(t) = -247*t**3 - t**2 - t. Let v be s(-1). Let c = 33 + v. Suppose 4*a = 8 + c. List the prime factors of a.
2, 3
Let m = -1644 - -2741. List the prime factors of m.
1097
Suppose 51916 = 40*d - 82284. Suppose 0 = -23*o + 43703 + d. What are the prime factors of o?
2, 3, 11, 31
Let w be 2*(5 - 9905/(-10)). Let n = w + -1050. What are the prime factors of n?
941
Suppose -71*g + 11*g + 181563 = -127617. What are the prime factors of g?
5153
Let z = -151 + 142. Let b = -9 - z. List the prime factors of 20 - (b - -1 - 2).
3, 7
Let c(i) = 214*i**3 - 53*i**2 + 14*i - 3. List the prime factors of c(7).
2, 5, 709
Suppose -676*a = -669*a - 7091. Suppose 1002*p = a*p - 2321. What are the prime factors of p?
211
Suppose -1680328 = -29*w - 23*w. List the prime factors of w.
2, 107, 151
Let p(g) = -48*g**3 - 5*g**2 + 42*g + 204. What are the prime factors of p(-8)?
2, 37, 163
Let u(t) be the second derivative of t**5/60 - 7*t**4/12 + 5*t**3 + 19*t**2/2 - t. Let q(m) be the first derivative of u(m). List the prime factors of q(12).
2, 3
Let h(x) = -78*x**3 - 7*x**2 - 2*x - 3. Let k(i) = i**3 - 2*i + 1. Let j(m) = -h(m) + 3*k(m). What are the prime factors of j(2)?
2, 337
Suppose 0 = -9*l + 6*l + 42. Let i(f) = -14 + l*f + 1 - 15. What are the prime factors of i(8)?
2, 3, 7
Let f = -3 + 7. Let d = -333 + 335. Suppose -2*g - f = 2, x - 181 = d*g. What are the prime factors of x?
5, 7
Let u be 7 + (-2430)/(-6) + 1. Suppose u = 2*q - 2*a + 121, a + 5 = 0. List the prime factors of q.
3, 47
Suppose 10*w = 18*w - 192. Let q(u) = u**3 - 24*u**2 + 38*u - 82. What are the prime factors of q(w)?
2, 5, 83
Let y(t) = -t**3 + 4*t**2 - 2*t + 3. Let c be y(3). Let p(q) = 4*q**2 + 27*q + 10. What are the prime factors of p(c)?
2, 79
Let c = -10459 + 50902. List the prime factors of c.
3, 13, 17, 61
Suppose -3*x + 7656 = -5*l - 3694, 0 = 3*x - l - 11342. Suppose -10*v = 8*v - x. What are the prime factors of v?
2, 3, 5, 7
Suppose 30*b - 319762 = -31*b. What are the prime factors of b?
2, 2621
Suppose 3369*o - 3367*o = 40130. What are the prime factors of o?
5, 4013
Suppose 22088 = -3*m - 2*q + 197913, -2*m - 5*q + 117191 = 0. List the prime factors of m.
58613
Suppose 11*z - 632906 = -12*z - 176701. List the prime factors of z.
5, 3967
Suppose 87 = -4*n - 113. List the prime factors of ((-180)/2)/(20/n).
3, 5
Let t(m) = 6*m**2 - 7*m + 10. Suppose 0 = h - 2 - 10. Suppose -9*k = -6*k - h. List the prime factors of t(k).
2, 3, 13
Suppose y + 0*y + 2*z = 365, 1840 = 5*y - 5*z. Let k = y + -241. Suppose 0 = -5*d + 12*d - k. What are the prime factors of d?
2, 3
Let j(l) = 2*l**3 + 3*l**2 + 9*l + 27. Let n be j(-4). Let z = n - -242. List the prime factors of z.
3, 17
Suppose -7141 = -2*q - 2*g + 3397, 2*q - 2*g - 10550 = 0. What are the prime factors of q?
2, 659
Suppose -219*z - 6832 = -85*z - 259824. What are the prime factors of z?
2, 59
Let r be (-286)/(-130) + (-1)/5. Suppose 2*s = -p + 1, -3*s + 0*p = r*p. Suppose -2*i - 4*d + 564 = s*i, 0 = i + 2*d - 141. What are the prime factors of i?
3, 47
Suppose 80*i + 11713 = 84*i - 36459. What are the prime factors of i?
12043
Let o(d) = -4*d**3 + 4*d**2 - d + 18. Let g be o(-4). Suppose 4*c + g = 7*c. List the prime factors of c.
2, 3, 19
Let k(w) = -21*w - 33. Let f be ((-12)/10)/(4/20). Let c be k(f). Let o = c + -39. List the prime factors of o.
2, 3
Let l = 37411 + -2929. What are the prime factors of l?
2, 3, 7, 821
Suppose 22*h - 3344948 = -126*h. What are the prime factors of h?
97, 233
Let g be (-8 - -11)/(-1 - (-44)/32). What are the prime factors of ((-19